In base 11, what is 18 - 6a?
-52
In base 11, what is -a882 - 1?
-a883
In base 16, what is 217 - -a?
221
In base 8, what is 1 + 1145?
1146
In base 10, what is -22 + -350?
-372
In base 13, what is -749a + 4?
-7496
In base 4, what is 223 - 23?
200
In base 2, what is 1001011010 - -1?
1001011011
In base 8, what is 4453 + 2?
4455
In base 13, what is 5 + -7b?
-76
In base 11, what is 1595 - -4?
1599
In base 13, what is -710 - 0?
-710
In base 5, what is 2403 + 0?
2403
In base 5, what is -34 + 30?
-4
In base 16, what is -1d + -7e?
-9b
In base 3, what is 1121 + 1?
1122
In base 14, what is 220c - -5?
2213
In base 11, what is 99 - -163?
251
In base 11, what is 0 - -2556?
2556
In base 14, what is -2cc6 + -3?
-2cc9
In base 14, what is -a9 + -2?
-ab
In base 8, what is -33205 - 0?
-33205
In base 3, what is -112010 + 12?
-111221
In base 6, what is 1414 - 1?
1413
In base 6, what is 153 + 3?
200
In base 2, what is -11010 - 1?
-11011
In base 4, what is 3003000 - 3?
3002331
In base 3, what is 2200121 - 1?
2200120
In base 14, what is 49 - -a?
55
In base 3, what is -2221 + 11?
-2210
In base 13, what is -3 + -66?
-69
In base 4, what is -20 + 3121?
3101
In base 5, what is 3 - 11?
-3
In base 12, what is 8 + 108a?
1096
In base 16, what is -4 - -1?
-3
In base 6, what is -2 + 33?
31
In base 4, what is -2 - -20012?
20010
In base 16, what is 291a - -3?
291d
In base 8, what is -5 + 7202?
7175
In base 16, what is -5 + 1f?
1a
In base 3, what is 1002 + 10?
1012
In base 14, what is -5 + -ac5?
-aca
In base 8, what is -3 - -71?
66
In base 3, what is -12 - -20211?
20122
In base 2, what is 11010111 - -1?
11011000
In base 7, what is -123 - -3?
-120
In base 16, what is -4 - c76?
-c7a
In base 2, what is -110001111001 + 10?
-110001110111
In base 12, what is 673 - 0?
673
In base 6, what is 11511 - 4?
11503
In base 16, what is 1 - -3a?
3b
In base 5, what is -4 + -20342?
-20401
In base 10, what is 254 - 116?
138
In base 12, what is 10 + 0?
10
In base 3, what is -1220 - -10?
-1210
In base 3, what is -101110 + -10?
-101120
In base 7, what is 42 - 52?
-10
In base 2, what is -11 - 10110001010?
-10110001101
In base 5, what is 1443 - -2?
2000
In base 13, what is 7 - c?
-5
In base 11, what is 31 + -9?
23
In base 16, what is -107 + -4?
-10b
In base 11, what is -5 - 2660?
-2665
In base 4, what is -210003 + -1?
-210010
In base 8, what is 3042 + 5?
3047
In base 11, what is 1 + -37?
-36
In base 14, what is -530 + -3?
-533
In base 14, what is 224 - -9?
22d
In base 15, what is -7 - -4?
-3
In base 12, what is -55bb - 0?
-55bb
In base 12, what is 8a3 - 0?
8a3
In base 4, what is 121 - -30?
211
In base 4, what is 2 + 232?
300
In base 12, what is 118b - -4?
1193
In base 12, what is 163 + 55?
1b8
In base 12, what is -3 + -11b?
-122
In base 5, what is 10 + 230?
240
In base 12, what is -50b + 2?
-509
In base 15, what is 2 - 9b?
-99
In base 9, what is 145 + 0?
145
In base 15, what is -3 + -2e?
-32
In base 13, what is 0 + 233c?
233c
In base 5, what is 3 - 321?
-313
In base 12, what is -343 - -7?
-338
In base 2, what is 1 - -110011011010?
110011011011
In base 5, what is -10143 - -10?
-10133
In base 6, what is 12425 - 10?
12415
In base 10, what is 4 - -906?
910
In base 6, what is -1 + 44215?
44214
In base 12, what is 3 + 4a2?
4a5
In base 3, what is 22201 + -1001?
21200
In base 7, what is -316 - 11?
-330
In base 8, what is 311 - 5?
304
In base 13, what is 50 - 5?
48
In base 16, what is 43 + -5?
3e
In base 2, what is 100110 - 10010?
10100
In base 6, what is 13330 - 0?
13330
In base 8, what is 230 - 1?
227
In base 15, what is -3e0 - -8?
-3d7
In base 12, what is 4 - 207?
-203
In base 12, what is -13 + 1041?
102a
In base 11, what is 1 + -24?
-23
In base 4, what is -200 + -2?
-202
In base 2, what is -111 + 101000?
100001
In base 14, what is -302 - 0?
-302
In base 14, what is -4 + -378?
-37c
In base 15, what is 514 + c?
521
In base 14, what is 4b + 70?
bb
In base 15, what is -d81 - -2?
-d7e
In base 11, what is 506 - 5?
501
In base 16, what is 9 + -1?
8
In base 16, what is -13 + -14?
-27
In base 3, what is -12 - 10211?
-11000
In base 13, what is -20 - -9c?
7c
In base 7, what is 5 + -326?
-321
In base 2, what is 10000 + -1010011?
-1000011
In base 2, what is 11010111001010 + -1?
11010111001001
In base 9, what is -5 - -267?
262
In base 6, what is -5 - -34402?
34353
In base 11, what is 28a + -2?
288
In base 8, what is 66 - -5?
73
In base 5, what is -414 + 2140?
1221
In base 3, what is -22100 + 202?
-21121
In base 2, what is -100 + 1010111100?
1010111000
In base 6, what is -11325 - -1?
-11324
In base 14, what is -5 - -14?
d
In base 4, what is -2220 - 1?
-2221
In base 10, what is -76 + -1?
-77
In base 3, what is 1011 + -200211?
-122200
In base 8, what is -6362 - 2?
-6364
In base 2, what is -101 - -11010?
10101
In base 14, what is 4 - 175?
-171
In base 10, what is -396 + 2?
-394
In base 9, what is 27062 + 5?
27067
In base 8, what is -1 + 12?
11
In base 2, what is -1110111 + 11?
-1110100
In base 9, what is -4 + -811?
-815
In base 16, what is -11 - -b4?
a3
In base 2, what is 101 - -110011001011?
110011010000
In base 16, what is -1 - f4?
-f5
In base 7, what is -5 + -2526?
-2534
In base 15, what is -1a - -1?
-19
In base 2, what is -1111010001 - -100?
-1111001101
In base 16, what is -f3 - -20?
-d3
In base 9, what is -8 - 432?
-441
In base 10, what is -32 - 345?
-377
In base 4, what is 3131 + 0?
3131
In base 12, what is -14 - -a1?
89
In base 13, what is 2 + 11?
13
In base 10, what is -2 - 1298?
-1300
In base 13, what is -5 + -16?
-1b
In base 9, what is 357 + 8?
366
In base 5, what is -10 + 1?
-4
In base 14, what is 3 - -330?
333
In base 8, what is 5542 - 3?
5537
In base 6, what is -1 + 5115?
5114
In base 2, what is 10001 + 111?
11000
In base 16, what is 71 + 49?
ba
In base 9, what is 5 + -17?
-12
In base 6, what is -450 - -13?
-433
In base 16, what is 4 - 86?
-82
In base 5, what is -11 + -1013?
-1024
In base 13, what is -53 - 1?
-54
In base 14, what is -14cb - -1?
-14ca
In base 12, what is 0 + 13a?
13a
In base 4, what is 101 + -22?
13
In base 15, what is -e35 + -3?
-e38
In base 16, what is -98 + -40?
-d8
In base 2, what is 10 - -100110010?
100110100
In base 7, what is -432 - -124?
-305
In base 7, what is -33 - -355?
322
In base 2, what is -10001 - -10?
-1111
In base 14, what is 4 - 3ba?
-3b6
In base 4, what is -222 + -10?
-232
In base 3, what is 101 + -112?
-11
In base 4, what is -3 - 321011?
-321020
In base 4, what is -10 + -1332?
-2002
In base 10, what is 2 - -65?
67
In base 15, what is -7c - 9?
-86
In base 7, what is -2 + 5?
3
In base 4, what is 1 - -301?
302
In base 16, what is 2 + 3c2?
3c4
In base 2, what is -11001101111 + 100?
-11001101011
In base 6, what is -200 + -22?
-222
In base 11, what is -719 - 2?
-720
In base 5, what is -10 + -10?
-20
In base 5, what is -11323 - 11?
-11334
In base 12, what is -101 + -4?
-105
In base 16, what is 2 + -86?
-84
In base 13, what is 14 + 785?
799
In base 6, what is 4 - 10020?
-10012
In base 3, what is -1211 - -201?
-1010
In base 6, what is -3125 - 4?
-3133
In base 14, what is 4d6 + -4?
4d2
In base 14, what is -502 - -a?
-4d6
In base 16, what is 12c + 1?
12d
In base 4, what is -100 + -2221?
-2321
In base 6, what is -234 + 13?
-221
In base 12, what is 1 - -b38?
b39
In base 10, what is -32 - -8?
-24
In base 16, what is -1 + 6?
5
In base 14, what is -c - 2a?
-38
In base 6, what is 2 + -104?
-102
In base 10, what is 20 - -8?
28
In base 4, what is -12303 + -10?
-12313
In base 11, what is -2 - 34?
-36
In base 9, what is 6 - -78?
85
In base 16, what is 2b6b - 1?
2b6a
In base 10, what is -663 - 1?
-664
In base 4, what is -233 + 3033?
2200
In base 3, what is 101 - 1221?
-1120
In base 9, what is 3 + -1202?
-1188
In base 6, what is -153 - -1?
-152
In base 3, what is -2200 - -2?
-2121
In base 11, what is -62 + -6?
-68
In base 9, what is -3 - 367?
-371
In base 15, what is 4e + -c?
42
In base 11, what is -18 - 18?
-35
In base 6, what is 4010 - 2?
4004
In base 3, what is 102 + 0?
102
In base 11, what is 2 + 5089?
5090
In base 15, what is 5 + 4?
9
In base 12, what is -23b2 - -3?
-23ab
In base 14, what is -b + 1da?
1cd
In base 11, what is -44 + -9a?
-133
In base 9, what is -10 - -20?
10
In base 9, what is -1 - -165?
164
In base 10, what is 0 - -139?
139
In base 16, what is -1 - 518?
-519
In base 13, what is 